of 610 and 17645470?
610
Calculate the highest common divisor of 36871082 and 5470.
1094
Calculate the highest common factor of 684983684 and 308.
308
What is the highest common factor of 6004589 and 38?
19
Calculate the greatest common divisor of 83 and 51032965.
83
Calculate the greatest common divisor of 1081 and 3449189.
47
Calculate the greatest common divisor of 1343531 and 27097.
343
What is the greatest common factor of 9756516 and 308?
308
What is the greatest common divisor of 3287912 and 2120?
8
What is the greatest common factor of 1014 and 198731?
13
What is the greatest common factor of 1802280 and 333960?
2760
Calculate the highest common divisor of 1484786673 and 114.
57
What is the highest common divisor of 1734 and 33155559?
51
What is the highest common factor of 212 and 907201?
53
Calculate the greatest common factor of 49256 and 1064768.
1048
What is the greatest common divisor of 14363620 and 14?
2
Calculate the greatest common factor of 10850668 and 34.
2
Calculate the highest common factor of 5256035 and 1998.
37
Calculate the highest common factor of 30502250 and 7750.
250
What is the highest common divisor of 2863 and 4155031?
409
What is the greatest common factor of 17 and 5166929?
17
Calculate the highest common factor of 76943445 and 34.
17
What is the greatest common factor of 81096 and 173352?
744
Calculate the greatest common divisor of 661986 and 79879.
23
Calculate the highest common factor of 672325 and 4475.
25
What is the greatest common divisor of 648213026 and 51?
17
Calculate the greatest common factor of 12630090 and 5390.
110
What is the greatest common factor of 3350680 and 8040?
40
What is the greatest common factor of 10 and 14980085?
5
What is the highest common factor of 54 and 520379181?
27
Calculate the highest common factor of 1223780 and 100.
20
What is the greatest common divisor of 35931768 and 3504?
1752
Calculate the greatest common divisor of 8644007 and 102.
17
What is the greatest common divisor of 923961 and 54750?
219
What is the highest common divisor of 14395 and 18585?
5
Calculate the greatest common factor of 102652 and 10076.
44
What is the greatest common factor of 2538094 and 89311?
2077
Calculate the highest common factor of 1248 and 1106456.
104
What is the greatest common divisor of 84460 and 67877?
103
What is the greatest common divisor of 26219 and 304109?
157
What is the greatest common factor of 2670 and 18968570?
890
What is the greatest common divisor of 529745 and 221695?
505
What is the highest common factor of 119 and 700957243?
119
Calculate the greatest common factor of 319466420 and 2732.
2732
What is the highest common divisor of 3763890 and 20016?
18
Calculate the greatest common factor of 594 and 224448543.
297
What is the highest common divisor of 8645265 and 43605?
2295
What is the greatest common divisor of 4120 and 9622672?
824
What is the highest common divisor of 20758230 and 1560?
30
Calculate the greatest common factor of 1828890 and 23625.
315
What is the highest common factor of 15223108 and 7618?
586
Calculate the highest common divisor of 215791 and 62.
31
Calculate the highest common divisor of 5617460 and 39358.
3578
Calculate the greatest common factor of 22686 and 4316420.
38
What is the greatest common divisor of 171058 and 505486?
1922
Calculate the highest common factor of 1110224 and 35584.
16
What is the greatest common factor of 333009216 and 118?
118
Calculate the greatest common divisor of 17054739 and 702.
351
What is the highest common divisor of 441082 and 87482?
34
What is the greatest common divisor of 3226784737 and 5533?
5533
Calculate the highest common divisor of 9 and 691480953.
9
What is the greatest common divisor of 2286 and 15402560?
254
What is the highest common divisor of 73722028 and 31427?
2857
What is the greatest common divisor of 14432 and 497288?
88
Calculate the highest common factor of 1225 and 140840.
35
What is the highest common divisor of 12 and 2923476?
12
Calculate the greatest common divisor of 6845642 and 3049972.
6718
Calculate the highest common factor of 754 and 314215551.
377
Calculate the greatest common factor of 121845 and 21660.
15
Calculate the greatest common factor of 416 and 6811368.
8
Calculate the highest common divisor of 54 and 32813346.
6
What is the greatest common factor of 505203 and 73743?
141
Calculate the highest common factor of 4875648 and 7296.
384
What is the highest common divisor of 8748 and 30770118?
486
What is the highest common divisor of 481504015 and 295?
295
What is the greatest common factor of 480 and 5643844320?
480
Calculate the highest common divisor of 3232 and 26648.
8
What is the greatest common factor of 910390814 and 246?
82
What is the greatest common factor of 1202 and 1854361460?
1202
What is the greatest common factor of 276 and 484721596?
92
What is the highest common factor of 1251760736 and 608?
608
Calculate the greatest common divisor of 59765 and 3100.
5
What is the highest common divisor of 3285165 and 25?
5
Calculate the greatest common divisor of 70252 and 8176831.
2509
Calculate the greatest common divisor of 3255 and 77786471.
217
Calculate the highest common divisor of 19887 and 279405.
21
What is the highest common factor of 4137 and 19216956?
591
Calculate the highest common divisor of 90 and 46093830.
30
What is the greatest common divisor of 1485191 and 59?
1
What is the highest common divisor of 1250988 and 365268?
732
What is the greatest common factor of 33784324 and 17770?
3554
What is the greatest common divisor of 12 and 122503596?
12
What is the greatest common divisor of 3530762 and 15244?
74
What is the highest common divisor of 61490 and 1083940?
1430
What is the greatest common factor of 23535 and 7302649?
523
What is the greatest common divisor of 1475 and 1405085?
295
What is the highest common factor of 845 and 2684435?
65
What is the highest common divisor of 57513456 and 4356?
396
Calculate the highest common divisor of 372 and 51726538.
62
What is the greatest common factor of 197673564 and 9999?
3333
Calculate the greatest common divisor of 3251595 and 383595.
3585
What is the greatest common factor of 2087323 and 20057?
31
Calculate the greatest common factor of 980942400 and 144.
144
What is the greatest common factor of 19941 and 67942?
23
Calculate the greatest common divisor of 44172 and 3807.
27
Calculate the greatest common factor of 3 and 74200251.
3
Calculate the highest common factor of 301077 and 462.
21
What is the greatest common divisor of 1608269 and 3622996?
2509
What is the greatest common factor of 42874 and 13067743?
1261
Calculate the greatest common divisor of 29718373 and 157.
157
Calculate the greatest common divisor of 11903206 and 98.
14
What is the highest common factor of 154 and 434273686?
154
What is the highest common factor of 889297 and 837?
31
Calculate the highest common factor of 5940 and 155434620.
660
What is the greatest common factor of 8123004 and 708?
12
Calculate the greatest common divisor of 9218375 and 61032.
2543
What is the highest common factor of 45717 and 1063986?
147
Calculate the greatest common divisor of 1384262 and 1606.
22
What is the greatest common factor of 56 and 133641368?
56
Calculate the highest common divisor of 995 and 4105.
5
Calculate the highest common divisor of 12418 and 1976562.
14
Calculate the highest common divisor of 23490 and 78938.
58
What is the highest common divisor of 3101 and 4923059?
443
Calculate the highest common factor of 3788606 and 230.
46
Calculate the greatest common factor of 413262108 and 6048.
756
Calculate the greatest common divisor of 732 and 56307.
3
What is the highest common divisor of 6103892 and 418752?
2908
What is the highest common factor of 6779421 and 744?
93
Calculate the highest common factor of 1161 and 312179097.
129
What is the greatest common divisor of 72530019 and 18?
9
What is the greatest common factor of 1190 and 546980?
70
Calculate the greatest common factor of 466035 and 11850.
15
What is the highest common factor of 1352579 and 56771?
397
What is the greatest common divisor of 5 and 18977965?
5
Calculate the greatest common factor of 184 and 2186488376.
184
Calculate the greatest common factor o